). Let g = -32 + q. List the prime factors of g.
3, 11
Suppose -s + 0 = -2. Suppose -3*f = -s*f. Suppose f = -r + 8 + 3. List the prime factors of r.
11
What are the prime factors of ((-2)/1)/(10/(-580))?
2, 29
Let b be (-1 + (-6)/(-4))*-14. Let c(j) = j**3 + 6*j**2 - 8*j. Let q be c(b). Suppose -3*v + q*v = 8. What are the prime factors of v?
2
Let j(z) = -z**2 - 7*z - 5. Suppose -9 = -3*u, 4*f + u = 2*f - 7. Let x = 0 + f. List the prime factors of j(x).
5
Suppose 2*q = 3 - 11. Suppose 3*b = -2*b - 5*y + 100, -5*y = -4*b + 53. Let n = b + q. List the prime factors of n.
13
Let t = -10 + 16. Suppose -t = -0*n - n. List the prime factors of n.
2, 3
Let d be 45/27 - (-2)/6. Suppose -5*m + 2*m + y + 83 = 0, 0 = -d*m - 3*y + 48. What are the prime factors of m?
3
Let u be (-30*1)/(-1 + 2). Let s = -21 - u. List the prime factors of s.
3
Let p(s) = -s**3 + 2*s**2 + 7*s + 24. List the prime factors of p(-5).
2, 41
Let y = 8 - 20. Let c = y + 23. List the prime factors of c.
11
Let t be 1/6*(-9 - -15). Suppose 7*f - 3*g + 3 = 4*f, -4*f + 3*g + t = 0. What are the prime factors of (-1092)/(-49) - f/14?
2, 11
List the prime factors of (15 - 12) + (7 - -1).
11
Let k(o) = -2 - 3*o + 3 + 0*o. Let s be k(-2). Suppose 4*m - s - 13 = 0. List the prime factors of m.
5
Let k = 1 - -1. Let x(g) = -11*g - g**2 - 1 - 2*g**2 + k*g**2 + 3. List the prime factors of x(-11).
2
List the prime factors of 2093/77 + 2/(-11).
3
Let g = 38 + -73. Let d = -14 - g. List the prime factors of d.
3, 7
Let x(y) = -3*y - 2. Let n be x(-2). Suppose r = -n*l - 28, -2*l + 23 = -r - 5*l. Let p = r - -12. List the prime factors of p.
2
Let h(v) = -v - 11. Let z be h(-10). Let i be z + -1 + 4 + -7. Let g = -2 - i. What are the prime factors of g?
3
Suppose 0 = -5*l - 143 + 13. Let x = l - -46. List the prime factors of x.
2, 5
Let g be (0 + -1)*10 - -2. Let x = 3 - g. List the prime factors of x.
11
Let w = -21 - -128. List the prime factors of w.
107
Let s(o) = 4*o - 1. Let d be s(1). Let f(u) = 0 - 3 + 0 - d*u + 1. List the prime factors of f(-6).
2
Let m be 3/(30/(-9) - -3). List the prime factors of 16/(3/m*-3).
2
Let s = 109 + -31. Suppose 0*d = 5*d + 20, 2*d + s = 5*g. What are the prime factors of g?
2, 7
Let d(m) = 6 - 4*m**2 + 2*m**2 + m**3 + m - 3 - 1. Suppose 2*h - 3 - 1 = 0. What are the prime factors of d(h)?
2
Suppose -4*r = 5*f - 1361, 882 = 5*f - 4*r - 487. List the prime factors of f.
3, 7, 13
Suppose 0 = 2*f - 5*f + 144. What are the prime factors of f?
2, 3
Let g(n) = n**2 - 6*n + 7. Let o be g(5). Suppose 0 = 3*r - o*r. Suppose r = 5*s - 4*z + 11 - 53, s = -3*z + 16. What are the prime factors of s?
2, 5
Suppose 4*w = 5*w. Let y(c) = -c**3 - c**2 - c - 14. Let m be y(w). Let q = 1 - m. List the prime factors of q.
3, 5
Suppose 0 = -4*q + k + 312, -3*q - 2*k + 126 = -108. Suppose 5*t - 3*i = q, 4*t + 3*i - 57 + 0 = 0. What are the prime factors of t?
3, 5
Let p(k) = -6*k + 11 + 3*k**3 + 10*k**2 - 4*k**3 - k. Let b be p(9). Suppose 2*x - 2 = -i + 4, 4*i + 3*x = b. What are the prime factors of i?
2
Let c(s) = -2*s + 6*s - 3 - 1. List the prime factors of c(4).
2, 3
Let h = 7 + -13. List the prime factors of (h/4)/((-2)/24).
2, 3
Suppose 7*b - 123 = 1277. List the prime factors of b.
2, 5
Suppose 3*y - 210 = -51. List the prime factors of y.
53
Suppose 5*a + 0*a = -r - 10, -5*r = -5*a - 10. Let y be r + -1 + 0 - -1. Suppose -4*s - s + 55 = y. What are the prime factors of s?
11
Let m(h) = 5*h**2 + 1. Let s be m(1). Suppose -s = -u + 6. What are the prime factors of u?
2, 3
Suppose -11*v = -14*v + 129. What are the prime factors of v?
43
What are the prime factors of 7 + -8 - (-32 + -1)?
2
Let j = -45 + 11. Let c = 22 + j. List the prime factors of ((-16)/c)/(2/6).
2
Let p be 16 - (1 - (0 + 0)). Suppose p = 4*w + w. Suppose w*j + 0*y = y + 39, -j + 13 = -y. What are the prime factors of j?
13
Let z be 3 - -4*3/6. Suppose -z*r = -2*r - 6. Suppose r*f - 3*f = -14. What are the prime factors of f?
2, 7
Let o = 55 - -27. What are the prime factors of o?
2, 41
Let x(u) = 29*u + 2. Let d be x(3). Suppose 3*p - 13 = d. What are the prime factors of p?
2, 17
Let y be (-30)/(-4)*18/(-27). List the prime factors of 33 + y/(10/6).
2, 3, 5
Suppose 2*n + 2 = 3*n. Suppose 0 = -2*l + 4*t - 6, 3*l + n*l - 15 = -5*t. What are the prime factors of (l/3)/(2/12)?
2
Let x(p) = 2*p + 18. Let a(s) = s + 17. Let g(b) = -6*a(b) + 5*x(b). List the prime factors of g(8).
2, 5
Let k be 176/18 + (-4)/(-18). Let d(n) = n**3 - 9*n**2 - 5*n - 6. List the prime factors of d(k).
2, 11
Suppose 2*w - 5*w = -171. Suppose -4*c - 27 = -3*n + w, 3*n + 132 = -5*c. What are the prime factors of ((-4)/(-8))/((-1)/c)?
2, 3
Let h = 280 + -167. List the prime factors of h.
113
Let s(n) = 4*n + 3. Let p be s(-2). Let j(m) = -7*m - 5. Let l be j(p). Suppose l = 2*r + a + 10, -2*r = 4*a - 32. What are the prime factors of r?
2
Suppose 3*o + 1 = 19. Suppose -y + o = 1. Suppose 5*h - 40 = -y*a, -5*a + 2*h + 2*h = -76. List the prime factors of a.
2, 3
Let c = 13 + -8. Let s(y) = -y**2 + 5*y + 4. Let r be s(c). Let k = r - 2. List the prime factors of k.
2
Suppose 5*j + 223 = 3*c - 81, -c + 3*j = -108. What are the prime factors of c?
3, 31
Suppose 5*v + 15 = 8*v. Suppose 9*h - v*h = 68. What are the prime factors of h?
17
Suppose p - 23 = 4. Suppose 0 = 4*b + 5*w - 9, -2*b + 4*w + p - 3 = 0. List the prime factors of b.
2, 3
Suppose -4*r + 145 + 296 = 3*m, 0 = -3*r + 5*m + 309. List the prime factors of r.
2, 3
Let x(y) = -1. Let k(d) = 2*d - 2 + 3 - 3. Let j(a) = k(a) + 3*x(a). List the prime factors of j(6).
7
Suppose -3*r - 12 = 0, -9 = -t + 4*r + 12. Suppose -t*y = -4 - 6. Suppose -i = -6*i - l + 57, -3*l = y*i - 15. List the prime factors of i.
2, 3
Let m(l) = 3*l - l - l - 4. Let w be 100/12 - 1/3. List the prime factors of m(w).
2
Let l(z) = z**2 + 7*z - 11. Let s be l(-8). Let h = 25 - s. Suppose -k = 3*k - h. What are the prime factors of k?
7
Let v = 148 - 76. What are the prime factors of v?
2, 3
Let k(i) = i**2 + 5*i + 4. Let a be k(-4). Suppose 0*l - 3*l + 36 = a. List the prime factors of l.
2, 3
Suppose 3*d - 88 = 2*s, -2*s = -2*d - 6*s + 80. Let o = d + 2. List the prime factors of o.
2, 17
Let z(y) = y**2 - y - 1. Let r be z(1). Let u be 22/(-8)*(-5 - r). List the prime factors of 152/u - 12/(-66).
2, 7
Suppose 5*h + a + 3*a - 55 = 0, -a - 11 = -h. What are the prime factors of h?
11
Suppose g - 3*t - 6 = -3*g, 2*g = -2*t + 10. What are the prime factors of g?
3
Let f(i) = 2*i - 3. Let k be f(3). Suppose -8 = -k*v - v. What are the prime factors of v?
2
Suppose 0 = -2*o - o - 318. Let c = -8 - o. Suppose 4*l + 57 = 3*f, 4*f - 8*f + c = 2*l. List the prime factors of f.
23
Let j(o) = -13*o + 2. List the prime factors of j(-3).
41
Let v(k) = -k**2 - 10*k + 3. Let y be v(-10). Suppose 2*p + 8 = y*f + 3, 3*p - f = 3. List the prime factors of p.
2
Suppose 0 = 3*u + 4*o - 714, -5*u = -o + 5*o - 1190. What are the prime factors of u?
2, 7, 17
Suppose i + 62 = 2*i. Let j = -35 + i. What are the prime factors of j?
3
Let n(r) = -15*r - 24. What are the prime factors of n(-10)?
2, 3, 7
List the prime factors of (-8 + 2)*(-342)/27.
2, 19
Let v(m) = -m + 14. Let f be v(7). Suppose -4*z - 5*y = -36, -z - f = -4*y + 5. Suppose z*r = r + 36. What are the prime factors of r?
2, 3
Suppose -b - 5*h = -2*b + 24, -5*b = -3*h - 98. Let l = 16 + -9. Let f = b - l. What are the prime factors of f?
2, 3
Let p = 14 - 18. What are the prime factors of (-2)/(-4) + (-70)/p?
2, 3
Suppose -b - 200 = -5*f, 5*b + 0*f + 913 = -4*f. List the prime factors of (b/(-10))/((-1)/(-2)).
37
Let b(s) = 3*s**2 + 4*s + 3. Let p be 4/(2 + 9/(-6)). Let d = 6 - p. What are the prime factors of b(d)?
7
Suppose 2*b = -2*g - 42, 53 = -0*g - 3*g - b. Let c = 28 + g. What are the prime factors of c?
2, 3
Let c be -1 - (-21 + 0/2). Suppose -a + 32 = -3*d - 22, c = -4*d. Suppose -a = -4*r - 11. What are the prime factors of r?
7
Suppose -5*s = 20, -3*v - 3 + 2 = -2*s. Let x be 1 - (1*v - -2). List the prime factors of (-18)/((-3)/x + 0).
2, 3
Let x be (-5)/(-3)*(22 + 2). Suppose 1 = -m + x. Suppose -5*j + 3*l = -m, 8 + 35 = 5*j - l. List the prime factors of j.
3
Let z(j) = 41*j**2 - 3*j + 1. List the prime factors of z(-1).
3, 5
Let q(v) = -v + 12.